NOAA-Style Climate Reports

Select a Year or Month report
2020: Jan Feb Mar Apr May Jun Jul Aug Sep Oct Nov Dec
2019: Jan Feb Mar Apr May Jun Jul Aug Sep Oct Nov Dec

Report for 2020 October
                   MONTHLY CLIMATOLOGICAL SUMMARY for SEP. 2020

NAME: Terril   CITY:    STATE:  
ELEV:  1450 ft  LAT:  43° 18' 18" N  LONG:  94° 58' 27" W

                   TEMPERATURE (°F), RAIN  (in), WIND SPEED (mph)

                                      HEAT  COOL        AVG
    MEAN                              DEG   DEG         WIND                 DOM
DAY TEMP  HIGH   TIME   LOW    TIME   DAYS  DAYS  RAIN  SPEED HIGH   TIME    DIR
------------------------------------------------------------------------------------
 1  41.1  52.4   6:40a  31.0   7:30p  23.9   0.0  0.00   5.8  30.0  12:30a   NNW
 2  45.0  54.3   6:50a  37.2  12:05a  20.0   0.0  0.00   2.7  16.0  11:20a   ENE
 3  41.6  48.4   2:25a  30.6  11:05p  23.4   0.0  0.00   1.7  13.0   4:20a   ENE
 4  49.7  59.3   7:10a  37.4  12:05a  15.3   0.0  0.00   6.7  23.0  11:05p     S
 5  58.7  73.4   7:55a  44.5  10:25p   7.8   1.5  0.00   8.8  31.0   2:35a     W
 6  65.9  82.8   7:20a  49.3   9:55p   4.3   5.2  0.00   7.8  35.0   8:10a   WSW
 7  59.3  73.7   5:50a  45.8  10:40p   7.7   2.0  0.00   4.8  23.0   5:05a   NNW
 8  64.3  73.7   6:45a  51.4  12:05a   2.5   1.8  0.00   9.2  29.0   2:30p   SSE
 9  65.7  82.5   7:50a  46.9  10:00p   4.7   5.4  0.00   6.4  25.0   1:45a     N
10  57.9  69.5   7:30a  50.6   9:15p   7.7   0.6  0.00   6.0  23.0  11:40p   ENE
11  63.0  81.1   6:10a  45.6  10:40p   7.0   5.0  1.37  14.2  42.0   4:50a   SSE
12  54.9  63.6   7:40a  47.6   5:45p  10.1   0.0  0.00  10.5  37.0   8:05p   WNW
13  52.7  60.5   7:10a  45.4   3:30p  12.3   0.0  0.00   9.5  37.0   9:35p   SSE
14  47.4  63.6   3:10a  27.9  10:55p  17.6   0.0  0.00  14.5  47.0   6:20a   WNW
15  40.0  49.9   7:45a  29.0  10:10p  25.0   0.0  0.00  11.8  33.0   4:55a   WNW
16  43.5  48.9   8:35a  35.0  12:05a  21.6   0.0  0.00  10.8  40.0   4:15a   WNW
17  41.7  63.7   4:35a  27.0  11:05p  23.3   0.0  0.00  10.7  32.0   7:10a   NNW
18  32.5  37.0   7:00a  28.4  12:05a  32.5   0.0  0.00   5.2  22.0   4:00a   WNW
19  31.8  33.1   1:20a  30.9   2:00a  33.2   0.0  0.01   5.0  20.0  11:50p   SSE
20  35.7  40.8   3:30p  31.7  12:05a  29.3   0.0  0.15   7.0  24.0   4:30p   SSE
21  34.4  41.3   6:10a  31.1   9:25p  30.6   0.0  0.08   7.4  23.0   8:55p   ENE
22  32.2  33.0   5:45a  31.3  12:15a  28.4   0.0  0.05  10.7  30.0  11:10a     N
23
24
25
26
27
28
29
30
-------------------------------------------------------------------------------------
    48.1  82.8     6    27.0    17   388.2  21.5  1.66   8.1  47.0    14     WNW

Max >=  90.0:  0
Max <=  32.0:  0
Min <=  32.0: 10
Min <=   0.0:  0
Max Rain: 1.37 ON 09/11/20
Days of Rain: 4 (>.01 in) 2 (>.1 in) 1 (>1 in)
Heat Base:  65.0  Cool Base:  65.0  Method: Integration