NOAA-Style Climate Reports

Select a Year or Month report
2020: Jan Feb Mar Apr May Jun Jul Aug Sep Oct Nov Dec
2019: Jan Feb Mar Apr May Jun Jul Aug Sep Oct Nov Dec

Report for 2020 October
                   MONTHLY CLIMATOLOGICAL SUMMARY for OCT. 2020

NAME: Courthouse   CITY:    STATE:  
ELEV:  1472 ft  LAT:  43° 25' 17" N  LONG:  95° 06' 15" W

                   TEMPERATURE (°F), RAIN  (in), WIND SPEED (mph)

                                      HEAT  COOL        AVG
    MEAN                              DEG   DEG         WIND                 DOM
DAY TEMP  HIGH   TIME   LOW    TIME   DAYS  DAYS  RAIN  SPEED HIGH   TIME    DIR
------------------------------------------------------------------------------------
 1  47.0  52.8  12:05a  37.2  12:00m  18.0   0.0  0.00   9.6  30.0   9:10a   NNW
 2  42.4  52.5   4:20p  32.8   7:25a  22.6   0.0  0.00   2.1  11.0   8:20p   NNW
 3  43.6  47.5   5:50p  40.1   8:25a  21.4   0.0  0.01   1.6  11.0  12:45p   ESE
 4  46.7  59.5   4:25p  33.3   7:20a  18.3   0.0  0.00   2.6  17.0  11:40p     S
 5  58.0  73.7   5:10p  45.0   6:00a   8.6   1.6  0.00   5.8  25.0   9:45a     S
 6  64.9  82.2   4:15p  47.6   7:30a   5.3   5.2  0.00   4.0  27.0   5:30p     W
 7  61.8  72.4   3:15p  51.5   6:30a   4.8   1.6  0.00   4.3  19.0   3:00p     N
 8  60.9  73.6   4:45p  47.4   7:35a   6.0   1.9  0.00   5.0  24.0  10:20p     S
 9  68.4  82.1   4:30p  59.1   7:15a   1.6   5.0  0.00   4.0  20.0  12:05a     S
10  59.4  69.6   4:20p  50.9   7:55a   6.2   0.6  0.00   4.7  17.0   7:25a     N
11  64.5  81.3   3:45p  51.8   6:40a   5.3   4.8  0.83   8.9  37.0   2:50p     S
12  54.1  64.0   5:05p  46.0   7:55a  10.9   0.0  0.33   7.4  24.0   5:25a   WNW
13  54.1  60.6   3:35p  47.6  10:25p  10.9   0.0  0.00   7.3  26.0   9:10a     W
14  53.6  62.2  11:45a  42.0  11:00p  11.4   0.0  0.00  11.5  37.0   5:15p     S
15  40.5  49.9   4:05p  29.2   7:45a  24.5   0.0  0.00   8.3  28.0   2:00p     W
16  41.3  48.6   5:20p  32.6   7:20a  23.7   0.0  0.00   8.1  32.0   2:15p     W
17  45.7  62.9   2:05p  34.6  11:25p  19.3   0.0  0.01   7.7  29.0   4:10p   NNW
18  32.5  36.8   3:55p  26.5   7:45a  32.5   0.0  0.00   6.2  22.0   1:45a   NNW
19  31.9  33.4  10:05a  31.0  12:35a  33.1   0.0  0.01   3.3  15.0  10:55a     S
20  34.5  40.9  11:55p  31.5   7:40a  30.5   0.0  0.20   4.8  23.0   2:00p     S
21  35.1  41.0  12:05a  31.1   8:40p  29.9   0.0  0.01   4.4  22.0   1:05a    NW
22  32.1  33.0   2:00a  30.8   6:55a  32.9   0.0  0.30   7.5  28.0  10:10p   NNE
23  32.3  32.5  12:05a  31.7   5:15a   7.3   0.0  0.00  12.7  24.0   1:35a     N
24
25
26
27
28
29
30
31
-------------------------------------------------------------------------------------
    48.1  82.2     6    26.5    18   385.0  20.7  1.70   6.2  37.0    11       S

Max >=  90.0:  0
Max <=  32.0:  0
Min <=  32.0:  7
Min <=   0.0:  0
Max Rain: 0.83 ON 10/11/20
Days of Rain: 4 (>.01 in) 4 (>.1 in) 0 (>1 in)
Heat Base:  65.0  Cool Base:  65.0  Method: Integration