NOAA-Style Climate Reports

Select a Year or Month report
2020: Jan Feb Mar Apr May Jun Jul Aug Sep Oct Nov Dec
2019: Jan Feb Mar Apr May Jun Jul Aug Sep Oct Nov Dec

Report for 2020 October
                   MONTHLY CLIMATOLOGICAL SUMMARY for OCT. 2020

NAME: Milford Weather Station   CITY:    STATE:  
ELEV:  1434 ft  LAT:  43° 18' 00" N  LONG:  95° 12' 00" W

                   TEMPERATURE (°F), RAIN  (in), WIND SPEED (mph)

                                      HEAT  COOL        AVG
    MEAN                              DEG   DEG         WIND                 DOM
DAY TEMP  HIGH   TIME   LOW    TIME   DAYS  DAYS  RAIN  SPEED HIGH   TIME    DIR
------------------------------------------------------------------------------------
 1  47.4  52.6  12:30a  37.2  12:00m  17.6   0.0  0.00  13.6  33.0   9:00a    NW
 2  43.0  52.8   4:30p  31.7   7:00a  22.0   0.0  0.00   3.6  13.0  10:00p   WNW
 3  44.1  49.0   3:30p  39.9  12:00m  20.9   0.0  0.00   2.7  13.0   6:00p     E
 4  46.1  59.6   5:00p  31.3   7:30a  18.9   0.0  0.00   3.8  18.0   2:30p    SE
 5  58.2  74.1   5:30p  45.7   4:00a   8.4   1.6  0.00   8.9  33.0  11:00a   SSE
 6  64.2  82.7   5:00p  46.0   8:00a   6.1   5.3  0.00   7.2  31.0   5:30p   WSW
 7  62.1  73.5   4:00p  51.6   5:00a   4.8   1.9  0.00   5.7  20.0   3:00p   NNW
 8  60.5  73.7   5:00p  46.3   8:00a   6.3   1.8  0.00   8.9  30.0   5:00p    SE
 9  68.5  82.1   5:00p  59.0   5:00a   1.6   5.1  0.00   6.8  23.0  12:30a    SW
10  59.0  70.4   5:00p  49.8   7:30a   6.7   0.7  0.00   6.5  18.0   9:00a   NNE
11  64.8  81.5   4:00p  51.5  12:00m   5.3   5.1  0.82  13.7  45.0   4:00p    SE
12  54.1  63.8   4:30p  45.7   7:30a  10.9   0.0  0.29  10.2  27.0  12:30a   WNW
13  54.3  61.2   5:00a  47.1  12:00m  10.7   0.0  0.00  10.6  31.0   9:00a    NW
14  53.6  63.5  12:00p  42.4  12:00m  11.4   0.0  0.00  14.9  42.0   5:00p    SE
15  40.2  50.1   4:30p  28.1   8:00a  24.8   0.0  0.00  10.3  34.0   2:30p   WNW
16  41.1  49.4   5:30p  32.0   6:30a  23.9   0.0  0.00  10.6  37.0   1:00p   WSW
17  45.8  63.7   2:00p  35.4  11:30p  19.2   0.0  0.00  12.1  35.0   4:30p    NW
18  32.9  37.2   4:00p  27.2   8:30a  32.1   0.0  0.00   8.6  26.0   1:30a    NW
19  32.0  33.6  10:30a  30.7  12:30a  33.0   0.0  0.01   5.8  18.0  12:30p    SE
20  34.7  41.1  12:00m  31.6   7:30a  30.3   0.0  0.09   8.8  25.0   3:30p    SE
21  35.7  41.2   4:00p  32.4   8:30p  29.3   0.0  0.00   6.3  22.0   1:30a    NE
22  32.7  34.0   2:30a  31.4   7:30a  32.3   0.0  0.20   9.9  31.0   7:30p   NNE
23  32.7  33.2  12:30a  31.7   6:30a   8.7   0.0  0.00  17.0  33.0   6:00a     N
24
25
26
27
28
29
30
31
-------------------------------------------------------------------------------------
    48.2  82.7     6    27.2    18   385.2  21.5  1.41   9.0  45.0    11      NW

Max >=  90.0:  0
Max <=  32.0:  0
Min <=  32.0:  9
Min <=   0.0:  0
Max Rain: 0.82 ON 10/11/20
Days of Rain: 4 (>.01 in) 3 (>.1 in) 0 (>1 in)
Heat Base:  65.0  Cool Base:  65.0  Method: Integration