NOAA-Style Climate Reports

Select a Year or Month report
2020: Jan Feb Mar Apr May Jun Jul Aug Sep Oct Nov Dec
2019: Jan Feb Mar Apr May Jun Jul Aug Sep Oct Nov Dec

Report for 2020 October
                   MONTHLY CLIMATOLOGICAL SUMMARY for OCT. 2020

NAME: DugoutII   CITY: Lake Park   STATE: Iowa 
ELEV:  1471 ft  LAT:  43° 24' 11" N  LONG:  95° 18' 29" W

                   TEMPERATURE (°F), RAIN  (in), WIND SPEED (mph)

                                      HEAT  COOL        AVG
    MEAN                              DEG   DEG         WIND                 DOM
DAY TEMP  HIGH   TIME   LOW    TIME   DAYS  DAYS  RAIN  SPEED HIGH   TIME    DIR
------------------------------------------------------------------------------------
 1  45.6  53.8   3:25p  27.7  11:10p  19.4   0.0  0.00  10.2  30.0   9:40a   NNW
 2  39.9  52.9   3:40p  25.7   6:20a  25.1   0.0  0.00   1.2  12.0   1:00p    NW
 3  41.5  47.6   4:40p  30.4  12:00m  23.5   0.0  0.01   0.9  10.0  12:55p   ESE
 4  41.9  59.8   4:40p  21.6   6:00a  23.1   0.0  0.00   3.2  23.0   3:30p   SSE
 5  57.2  74.1   4:55p  45.4   3:35a   9.2   1.4  0.00  10.3  32.0  11:40a     S
 6  59.5  82.4   4:30p  40.2   7:35a  10.0   4.5  0.00   7.8  33.0   2:25p   WSW
 7  55.5  74.5   3:20p  36.8  11:55p  11.7   2.2  0.00   2.8  20.0   2:55p   NNW
 8  54.9  73.4   3:45p  31.5   7:35a  11.8   1.7  0.00   7.7  29.0   5:25p    SE
 9  66.2  81.2   4:45p  50.9  10:10p   3.0   4.2  0.00   7.1  24.0  12:15a     S
10  55.4  69.4   4:25p  43.8   7:25a  10.2   0.6  0.00   2.8  18.0  11:25a     E
11  64.0  82.1   3:00p  50.4  12:05a   6.0   5.0  0.91  13.8  49.0   8:25p    SE
12  53.3  64.0   4:10p  43.5   7:50a  11.7   0.0  0.10  10.2  26.0   1:45a   WNW
13  51.9  61.6   3:40p  36.9  10:45p  13.1   0.0  0.00   9.1  32.0   9:30a    NW
14  53.1  63.3  11:50a  40.0  12:00m  11.9   0.0  0.00  13.1  41.0   6:10p   WNW
15  38.6  50.7   3:55p  25.8   6:35a  26.4   0.0  0.00   8.4  30.0   2:55p   WNW
16  40.2  49.3   5:25p  28.6   6:10a  24.8   0.0  0.01   9.2  36.0   1:15p     W
17  44.7  64.8   1:40p  32.8   6:55a  20.3   0.0  0.00   6.8  31.0   4:05p   NNW
18  31.9  38.0   3:30p  25.1   9:15p  33.1   0.0  0.00   4.0  22.0   2:00p   NNW
19  31.5  33.6  10:40a  26.5  12:30a  33.5   0.0  0.02   2.3  16.0  12:35p    SE
20  34.4  40.2  11:45p  31.5   7:15a  30.6   0.0  0.14   4.4  23.0   2:10p    SE
21  34.7  40.1   3:30p  30.1   8:45p  30.3   0.0  0.00   2.7  24.0   1:00a   ENE
22  32.2  33.6   1:40a  31.1   5:25a  32.8   0.0  0.16   2.6  23.0  12:00m   ENE
23  31.7  31.9  12:05a  31.4   5:20a   7.5   0.0  0.00   6.4  25.0  12:35a     N
24
25
26
27
28
29
30
31
-------------------------------------------------------------------------------------
    46.1  82.4     6    21.6     4   429.0  19.6  1.35   6.4  49.0    11     WNW

Max >=  90.0:  0
Max <=  32.0:  1
Min <=  32.0: 13
Min <=   0.0:  0
Max Rain: 0.91 ON 10/11/20
Days of Rain: 5 (>.01 in) 3 (>.1 in) 0 (>1 in)
Heat Base:  65.0  Cool Base:  65.0  Method: Integration